{"id":10,"date":"2016-09-16T15:45:31","date_gmt":"2016-09-16T13:45:31","guid":{"rendered":"http:\/\/ecgm.fr\/?page_id=10"},"modified":"2023-06-22T14:24:50","modified_gmt":"2023-06-22T12:24:50","slug":"historique","status":"publish","type":"page","link":"https:\/\/ecgm.fr\/index.php\/historique\/","title":{"rendered":"Historique"},"content":{"rendered":"<p style=\"text-align: justify;\">L&rsquo;Ensemble Choral Georges Migot a \u00e9t\u00e9 cr\u00e9\u00e9 en 1972 par <a href=\"https:\/\/ecgm.fr\/index.php\/2016\/09\/16\/michelvergnault\/\">Michel Vergnault<\/a>, clarinettiste,<\/p>\n<div id=\"attachment_16\" style=\"width: 225px\" class=\"wp-caption alignright\"><img aria-describedby=\"caption-attachment-16\" decoding=\"async\" loading=\"lazy\" class=\"wp-image-16 size-full\" src=\"https:\/\/ecgm.fr\/wp-content\/uploads\/2016\/09\/Michel-Vergnault.jpg\" alt=\"michel-vergnault\" width=\"215\" height=\"194\" \/><p id=\"caption-attachment-16\" class=\"wp-caption-text\">Michel Vergnault<\/p><\/div>\n<p style=\"text-align: justify;\">compositeur et auteur d&rsquo;ouvrages p\u00e9dagogiques, \u00e9galement fondateur du Conservatoire de Cachan.<br \/>\nParall\u00e8lement \u00e0 son investissement musical, <a href=\"https:\/\/ecgm.fr\/index.php\/2016\/09\/16\/MichelVergnault\/\">Michel Vergnault<\/a> prendra soin de jumeler d\u00e8s l&rsquo;origine cette chorale, qu&rsquo;il dirigera jusqu&rsquo;en juin 2000, avec le Frauenchor de Sickte en Allemagne (Basse-Saxe).<\/p>\n<p>Devenu en 1980 une association ind\u00e9pendante, l&rsquo;Ensemble Choral Georges Migot s&rsquo;est montr\u00e9 tr\u00e8s actif au sein de la vie culturelle de Cachan durant plus de 40 ann\u00e9es et a particip\u00e9 au jumelage de Cachan avec le district allemand de Wolfenb\u00fcttel .<\/p>\n<p>En mars 2020, les activit\u00e9s culturelles ont \u00e9t\u00e9 brutalement stopp\u00e9es par la pand\u00e9mie Covid-19 et notre chorale a souffert de ce silence forc\u00e9. Le concert pr\u00e9vu avec l&rsquo;association Retina dans l&rsquo;\u00e9glise Saint Denys \u00e0 Arcueil a \u00e9t\u00e9 annul\u00e9. La cheffe de ch\u0153ur a jet\u00e9 l&rsquo;\u00e9ponge car les choristes n&rsquo;\u00e9taient pas pr\u00e9par\u00e9s \u00e0 travailler \u00e0 distance avec des moyens informatiques et le nombre\u00a0 de choristes a fortement diminu\u00e9 .<\/p>\n<p>Compos\u00e9 aujourd\u2019hui d\u2019une vingtaine de choristes amateurs, l\u2019ECGM se produit en abordant un vaste r\u00e9pertoire qui va de la musique de la Renaissance \u00e0 la musique contemporaine.<\/p>\n<p>La direction en est assur\u00e9e depuis octobre 2021 par Bishoy Awad, avec qui la chorale continue d\u2019explorer de nouveaux horizons.<\/p>\n<p>En juin 2022, \u00e0 l&rsquo;occasion de la f\u00eate de la musique, la chorale a ouvert ses portes au public qui a pu assister \u00e0 une r\u00e9p\u00e9tition dirig\u00e9e par Bishoy Awad dans l&rsquo;Orangerie de Cachan.<\/p>\n<p style=\"text-align: justify;\"><img decoding=\"async\" loading=\"lazy\" class=\"size-medium wp-image-89 aligncenter\" src=\"https:\/\/ecgm.fr\/wp-content\/uploads\/2016\/09\/concert20061016-300x130.jpg\" alt=\"concert20061016\" width=\"300\" height=\"130\" srcset=\"https:\/\/ecgm.fr\/wp-content\/uploads\/2016\/09\/concert20061016-300x130.jpg 300w, https:\/\/ecgm.fr\/wp-content\/uploads\/2016\/09\/concert20061016.jpg 600w\" sizes=\"(max-width: 300px) 100vw, 300px\" \/><\/p>\n<p>Le samedi 10 septembre, \u00e0 l&rsquo;occasion du forum des associations, les choristes se\u00a0 donnent bien du mal pour attirer de nouvelles t\u00eates, le d\u00e9cor du stand dans le parc Raspail est une mosa\u00efque d&rsquo;\u0153uvres artistiques, photographies, partitions,&#8230; ce n&rsquo;est pas aussi riche que la chapelle Sixtine mais tout de m\u00eame il n&rsquo;y a pas de quoi rougir. Nous faisons le d\u00e9compte des inscriptions: 12 personnes ont laiss\u00e9 leurs coordonn\u00e9es, ce qui nous aidera \u00e0 relancer les personnes distraites en leur indiquant le prochain rendez-vous au square Lamartine<\/p>\n<p style=\"text-align: justify;\">Vendredi 16 septembre, le CSC Lamartine ouvre ses portes et donne l&rsquo;occasion aux choristes de chanter face au public . Rendez -vous \u00e0 partir de 18 h.<\/p>\n<p>La saison 2022-2023 est lanc\u00e9e et les premi\u00e8res r\u00e9p\u00e9titions du lundi soir au square Lamartine avec Bishoy Awad s&rsquo;inscrivent naturellement dans les agendas .<\/p>\n<p><span style=\"border-radius: 2px; text-indent: 20px; width: auto; padding: 0px 4px 0px 0px; text-align: center; font: bold 11px\/20px 'Helvetica Neue',Helvetica,sans-serif; color: #ffffff; background: #bd081c no-repeat scroll 3px 50% \/ 14px 14px; position: absolute; opacity: 1; z-index: 8675309; display: none; cursor: pointer;\">Enregistrer<\/span><\/p>\n<p><span style=\"border-radius: 2px; text-indent: 20px; width: auto; padding: 0px 4px 0px 0px; text-align: center; font: bold 11px\/20px 'Helvetica Neue',Helvetica,sans-serif; color: #ffffff; background: #bd081c no-repeat scroll 3px 50% \/ 14px 14px; position: absolute; opacity: 1; z-index: 8675309; display: none; cursor: pointer; top: 97px; left: 436px;\">Enregistrer<\/span><\/p>\n","protected":false},"excerpt":{"rendered":"<p>L&rsquo;Ensemble Choral Georges Migot a \u00e9t\u00e9 cr\u00e9\u00e9 en 1972 par Michel Vergnault, clarinettiste, compositeur et auteur d&rsquo;ouvrages p\u00e9dagogiques, \u00e9galement fondateur du Conservatoire de Cachan. Parall\u00e8lement \u00e0 son investissement musical, Michel Vergnault prendra soin de jumeler d\u00e8s l&rsquo;origine cette chorale, qu&rsquo;il &hellip; <a href=\"https:\/\/ecgm.fr\/index.php\/historique\/\">Continuer la lecture <span class=\"meta-nav\">&rarr;<\/span><\/a><\/p>\n","protected":false},"author":1,"featured_media":0,"parent":0,"menu_order":1,"comment_status":"closed","ping_status":"closed","template":"","meta":[],"_links":{"self":[{"href":"https:\/\/ecgm.fr\/index.php\/wp-json\/wp\/v2\/pages\/10"}],"collection":[{"href":"https:\/\/ecgm.fr\/index.php\/wp-json\/wp\/v2\/pages"}],"about":[{"href":"https:\/\/ecgm.fr\/index.php\/wp-json\/wp\/v2\/types\/page"}],"author":[{"embeddable":true,"href":"https:\/\/ecgm.fr\/index.php\/wp-json\/wp\/v2\/users\/1"}],"replies":[{"embeddable":true,"href":"https:\/\/ecgm.fr\/index.php\/wp-json\/wp\/v2\/comments?post=10"}],"version-history":[{"count":14,"href":"https:\/\/ecgm.fr\/index.php\/wp-json\/wp\/v2\/pages\/10\/revisions"}],"predecessor-version":[{"id":494,"href":"https:\/\/ecgm.fr\/index.php\/wp-json\/wp\/v2\/pages\/10\/revisions\/494"}],"wp:attachment":[{"href":"https:\/\/ecgm.fr\/index.php\/wp-json\/wp\/v2\/media?parent=10"}],"curies":[{"name":"wp","href":"https:\/\/api.w.org\/{rel}","templated":true}]}}